MONTHLY CLIMATOLOGICAL SUMMARY for JAN. 2021

NAME: N0XUT   CITY: Urbana STATE: Iowa
ELEV: 903 LAT: 042:13:10 LONG: 0091:52:59

                            TEMPERATURE ( F), RAIN (in.), WIND SPEED (mph)

                                               HEAT     COOL           AVG
      MEAN                                     DEG      DEG            WIND                      DOM
DAY   TEMP    HIGH   TIME     LOW    TIME      DAYS     DAYS    RAIN   SPEED   HIGH    TIME      DIR
--------------------------------------------------------------------------------------------------------
01    21.1   025.5   16:17    16.4   23:49     43.9     00.0   00.00   005     018    10:21     NNE
02    17.1   023.1   14:42    08.9   07:45     47.8     00.0   00.00   002     009    11:44      NE
03    19.6   024.2   15:28    16.4   17:55     45.3     00.0   00.00   003     012    21:56      SE
04    26.5   031.7   16:44    22.7   20:40     38.5     00.0   00.00   002     012    00:01     SSW
05    24.5   032.8   14:31    15.2   08:29     40.5     00.0   00.03   001     007    21:14     NNW
06    25.6   029.6   14:51    21.2   07:34     39.4     00.0   00.00   005     017    14:14      E 
07    28.3   032.5   14:46    24.0   07:56     36.6     00.0   00.00   003     016    00:08      NE
08    26.8   029.6   13:13    24.2   07:53     38.1     00.0   00.00   003     012    08:52      N 
09    24.7   027.0   11:36    21.8   00:00     40.3     00.0   00.00   002     010    23:49     NNW
10    23.7   027.2   16:30    19.3   05:10     41.3     00.0   00.00   004     014    12:12      NW
11    30.6   037.1   15:24    25.5   08:02     34.4     00.0   00.00   006     021    14:56      SW
12    29.4   038.2   15:40    20.5   08:00     35.5     00.0   00.00   002     010    15:00     WNW
13    33.4   039.7   14:35    29.6   04:52     31.6     00.0   00.00   002     012    17:31      SE
14    32.1   035.3   13:02    27.5   03:29     32.9     00.0   00.05   004     020    21:15      W 
15    32.0   034.0   14:25    30.5   22:12     32.9     00.0   00.13   004     013    23:10     NNW
16    29.4   034.3   02:35    24.4   23:57     35.5     00.0   00.01   007     022    06:19     WNW
--------------------------------------------------------------------------------------------------------
26.5 (26.6)   39.7  day 13     08.9  day 02   614.4    000.0   00.22   03.4     022   day 16     NNW
Max <=  32: 8
Min <=  86: 16
Min <=  23: 9
Max Rain: 0.13 ON 15-01-21
Days of Rain: 4 (> .008in) 1 (> .08in) 0 (> 0.8in)